{"id":2777,"date":"2018-11-20T14:06:41","date_gmt":"2018-11-20T12:06:41","guid":{"rendered":"http:\/\/www.liceutasnad.eu\/?page_id=2777"},"modified":"2022-04-08T11:39:21","modified_gmt":"2022-04-08T09:39:21","slug":"proiect-rose","status":"publish","type":"page","link":"https:\/\/www.liceutasnad.eu\/?page_id=2777","title":{"rendered":"Proiect ROSE"},"content":{"rendered":"<h2 style=\"text-align: center;\"><span style=\"color: #ff0000;\">\u00cempreun\u0103 spre succes! <\/span><\/h2>\n<p style=\"text-align: center;\"><span style=\"color: #ff0000;\">Subproiect al Proiectului ROSE<\/span><\/p>\n<p style=\"text-align: justify;\">\u00a0\u00a0\u00a0\u00a0\u00a0\u00a0\u00a0\u00a0 Liceul Tehnologic T\u0103\u0219nad este situat \u00eentr-o zon\u0103 \u00een care procentul elevilor afla\u021bi \u00een situa\u021bii de risc este unul ridicat. Pe l\u00e2ng\u0103 elevii care locuiesc \u00een localitate, un num\u0103r important de elevi ai liceului provin din comunele \u00eenvecinate ora\u0219ului, a\u0219adar din mediul rural, neav\u00e2nd \u00een proximitate licee unde s\u0103 \u00ee\u0219i continue educa\u021bia. Datorit\u0103 acestui fapt, ne confrunt\u0103m cu un num\u0103r mare de elevi naveti\u0219ti, o parte dintre ace\u0219tia av\u00e2nd posibilit\u0103\u021bi financiare reduse \u0219i fiind predispu\u0219i abandonului \u0219colar. De asemenea, exist\u0103 elevi cu situa\u021bie material\u0103 precar\u0103, care sunt expu\u0219i riscului de abandon.<\/p>\n<p style=\"text-align: justify;\">\u00a0\u00a0\u00a0\u00a0\u00a0\u00a0 Totodat\u0103 la nivelul unit\u0103\u021bii noastre de \u00eenv\u0103\u021b\u0103m\u00e2nt exist\u0103 elevi apar\u021bin\u00e2nd unor minorit\u0103\u021bi (maghiari, romi), elevi cu cerin\u021be educa\u021bionale speciale \u0219i elevi cu probleme medicale permanente, beneficiari ai burselor medicale.<\/p>\n<p><strong>Obiectivul general:<\/strong><\/p>\n<p style=\"text-align: justify;\"><em>\u00a0\u00a0\u00a0\u00a0\u00a0\u00a0\u00a0 Cre\u0219terea calit\u0103\u021bii serviciilor educa\u021bionale pentru asigurarea progresului \u0219colar al elevilor de liceu, \u00een vederea men\u021binerii unei rate ridicate a procentului de absolvire, a cre\u0219terii ratei de participare \u0219i promovare la examenul de bacalaureat. <\/em><\/p>\n","protected":false},"excerpt":{"rendered":"<p>\u00cempreun\u0103 spre succes! Subproiect al Proiectului ROSE \u00a0\u00a0\u00a0\u00a0\u00a0\u00a0\u00a0\u00a0 Liceul Tehnologic T\u0103\u0219nad este situat \u00eentr-o zon\u0103 \u00een care procentul elevilor afla\u021bi \u00een situa\u021bii de risc este unul ridicat. Pe l\u00e2ng\u0103 elevii care locuiesc \u00een localitate, un num\u0103r important de elevi ai &hellip; <a href=\"https:\/\/www.liceutasnad.eu\/?page_id=2777\">Continue reading <span class=\"meta-nav\">&rarr;<\/span><\/a><\/p>\n","protected":false},"author":1,"featured_media":0,"parent":0,"menu_order":8,"comment_status":"closed","ping_status":"closed","template":"","meta":[],"_links":{"self":[{"href":"https:\/\/www.liceutasnad.eu\/index.php?rest_route=\/wp\/v2\/pages\/2777"}],"collection":[{"href":"https:\/\/www.liceutasnad.eu\/index.php?rest_route=\/wp\/v2\/pages"}],"about":[{"href":"https:\/\/www.liceutasnad.eu\/index.php?rest_route=\/wp\/v2\/types\/page"}],"author":[{"embeddable":true,"href":"https:\/\/www.liceutasnad.eu\/index.php?rest_route=\/wp\/v2\/users\/1"}],"replies":[{"embeddable":true,"href":"https:\/\/www.liceutasnad.eu\/index.php?rest_route=%2Fwp%2Fv2%2Fcomments&post=2777"}],"version-history":[{"count":12,"href":"https:\/\/www.liceutasnad.eu\/index.php?rest_route=\/wp\/v2\/pages\/2777\/revisions"}],"predecessor-version":[{"id":3282,"href":"https:\/\/www.liceutasnad.eu\/index.php?rest_route=\/wp\/v2\/pages\/2777\/revisions\/3282"}],"wp:attachment":[{"href":"https:\/\/www.liceutasnad.eu\/index.php?rest_route=%2Fwp%2Fv2%2Fmedia&parent=2777"}],"curies":[{"name":"wp","href":"https:\/\/api.w.org\/{rel}","templated":true}]}}