{"id":2512,"date":"2017-09-08T17:22:05","date_gmt":"2017-09-08T15:22:05","guid":{"rendered":"http:\/\/www.liceutasnad.eu\/?page_id=2512"},"modified":"2024-08-26T07:19:04","modified_gmt":"2024-08-26T05:19:04","slug":"2017-2018","status":"publish","type":"page","link":"https:\/\/www.liceutasnad.eu\/?page_id=2512","title":{"rendered":"Structura anului \u0219colar"},"content":{"rendered":"<div>\n<h3><strong style=\"font-size: 16px;\">Anul \u0219colar 2024 &#8211; 2025 se structureaz\u0103 astfel:<\/strong><\/h3>\n<\/div>\n<div>\n<blockquote>\n<p><strong>Intervale de cursuri:<\/strong><\/p>\n<p>\u2014 de luni, 9 septembrie 2024, p\u00e2n\u0103 vineri, 25 octombrie 2024;<\/p>\n<p>\u2014 de luni, 4 noiembrie 2024, p\u00e2n\u0103 vineri, 20 decembrie 2024;<\/p>\n<p>\u2014 de miercuri, 8 ianuarie 2025, p\u00e2n\u0103 vineri, 7 februarie 2025, respectiv vineri, 14 februarie 2025, sau vineri, 21 februarie 2025, dup\u0103 caz, la decizia inspectoratelor \u0219colare jude\u021bene\/al municipiului Bucure\u0219ti, \u00een urma consult\u0103rilor cu beneficiarii primari ai educa\u021biei, cu p\u0103rin\u021bii\/reprezentan\u021bii legali ai acestora \u0219i cu cadrele didactice, realizate la nivelul unit\u0103\u021bilor de \u00eenv\u0103\u021b\u0103m\u00e2nt;<\/p>\n<p>\u2014 de luni, 17 februarie 2025, respectiv luni, 24 februarie 2025, sau luni, 3 martie 2025, la decizia inspectoratelor \u0219colare jude\u021bene\/ al municipiului Bucure\u0219ti, dup\u0103 caz, p\u00e2n\u0103 joi, 17 aprilie 2025;<\/p>\n<p>\u2014 de luni, 28 aprilie 2025, p\u00e2n\u0103 vineri, 20 iunie 2025;<\/p>\n<p><strong>Intervale de vacan\u021b\u0103:<\/strong><\/p>\n<p>\u2014 de s\u00e2mb\u0103t\u0103, 26 octombrie 2024, p\u00e2n\u0103 duminic\u0103, 3 noiembrie 2024;<\/p>\n<p>\u2014 de s\u00e2mb\u0103t\u0103, 21 decembrie 2024, p\u00e2n\u0103 mar\u021bi, 7 ianuarie 2025;<\/p>\n<p>\u2014 o s\u0103pt\u0103m\u00e2n\u0103, la decizia inspectoratelor \u0219colare jude\u021bene\/al municipiului Bucure\u0219ti, \u00een perioada 10 februarie\u2014 2 martie 2025;<\/p>\n<p>\u2014 de vineri, 18 aprilie 2025, p\u00e2n\u0103 duminic\u0103, 27 aprilie 2025;<\/p>\n<p>\u2014 de s\u00e2mb\u0103t\u0103, 21 iunie 2025, p\u00e2n\u0103 duminic\u0103, 7 septembrie 2025.<\/p>\n<p>\u201eFiecare unitate de \u00eenv\u0103\u021b\u0103m\u00e2nt comunic\u0103 beneficiarilor primari ai educa\u021biei \u0219i p\u0103rin\u021bilor\/reprezentan\u021bilor legali ai acestora, p\u00e2n\u0103 la data de 1 aprilie 2024, structura detaliat\u0103 a anului \u0219colar, cu includerea deciziilor pentru elementele flexibile ale acesteia\u201d, se arat\u0103 \u00een ordin.<\/p>\n<p>Art. 1. \u2014 \u201e(1) Anul \u0219colar 2024\u20142025 \u00eencepe la data de 1 septembrie 2024, se \u00eencheie la data de 31 august 2025 \u0219i are o durat\u0103 de 36 de s\u0103pt\u0103m\u00e2ni de cursuri. Cursurile anului \u0219colar 2024\u20142025 \u00eencep la data de 9 septembrie 2024.<\/p>\n<p>(2) Prin excep\u021bie de la prevederile alin. (1) se stabilesc urm\u0103toarele:<\/p>\n<p>a) pentru clasele a XII-a zi, a XIII-a seral \u0219i frecven\u021b\u0103 redus\u0103, anul \u0219colar are o durat\u0103 de 34 de s\u0103pt\u0103m\u00e2ni de cursuri \u0219i se \u00eencheie la data de 6 iunie 2025;<\/p>\n<p>b) pentru clasa a VIII-a, anul \u0219colar are o durat\u0103 de 35 de s\u0103pt\u0103m\u00e2ni de cursuri \u0219i se \u00eencheie la data de 13 iunie 2025;<\/p>\n<p>c) pentru clasele din \u00eenv\u0103\u021b\u0103m\u00e2ntul liceal \u2014 filiera tehnologic\u0103, cu excep\u021bia claselor prev\u0103zute la lit. a) \u0219i pentru clasele din \u00eenv\u0103\u021b\u0103m\u00e2ntul profesional, anul \u0219colar are o durat\u0103 de 37 de s\u0103pt\u0103m\u00e2ni de cursuri \u0219i se \u00eencheie la data de 27 iunie 2025;<\/p>\n<p>d) pentru clasele din \u00eenv\u0103\u021b\u0103m\u00e2ntul postliceal, durata cursurilor este cea stabilit\u0103 prin planurile-cadru de \u00eenv\u0103\u021b\u0103m\u00e2nt \u00een vigoare.\u201d<\/p>\n<h5 id=\"scoala-altfel-si-saptamana-verde\" class=\"wp-block-heading\">\u0218coala altfel \u0219i S\u0103pt\u0103m\u00e2na verde<\/h5>\n<p>Art. 4. \u2014 \u201e(1) Programul na\u021bional \u201e\u0218coala altfel\u201d \u0219i Programul \u201eS\u0103pt\u0103m\u00e2na verde\u201d se desf\u0103\u0219oar\u0103 \u00een perioada 9 septembrie 2024\u201430 mai 2025, \u00een intervale de c\u00e2te 5 zile consecutive lucr\u0103toare, a c\u0103ror planificare se afl\u0103 la decizia unit\u0103\u021bii de \u00eenv\u0103\u021b\u0103m\u00e2nt. Derularea celor dou\u0103 programe se planific\u0103 \u00een intervale de cursuri diferite.<\/p>\n<p>(2) La clasele din \u00eenv\u0103\u021b\u0103m\u00e2ntul liceal \u2014 filiera tehnologic\u0103 \u0219i din \u00eenv\u0103\u021b\u0103m\u00e2ntul profesional, \u00een perioadele dedicate programelor \u201e\u0218coala altfel\u201d \u0219i \u201eS\u0103pt\u0103m\u00e2na verde\u201d se organizeaz\u0103 activit\u0103\u021bi de instruire practic\u0103, urm\u0103rind \u0219i scopul acestor programe.<\/p>\n<p>(3) La clasele din \u00eenv\u0103\u021b\u0103m\u00e2ntul postliceal, \u00een perioadele dedicate programelor \u201e\u0218coala altfel\u201d \u0219i \u201eS\u0103pt\u0103m\u00e2na verde\u201d se organizeaz\u0103 activit\u0103\u021bi de instruire practic\u0103.\u201d<\/p>\n<p>\u00a0<\/p>\n<\/blockquote>\n<\/div>\n\n\n<div class=\"wp-block-file\"><object class=\"wp-block-file__embed\" data=\"https:\/\/www.liceutasnad.eu\/wp-content\/uploads\/2024\/08\/Calendar_-an-scolar-2024-2025.pdf\" type=\"application\/pdf\" style=\"width:100%;height:600px\" aria-label=\"Embed of Calendar_-an-scolar-2024-2025.\"><\/object><a id=\"wp-block-file--media-2a01dc87-b3f6-4dd9-addb-cda4b09d0db9\" href=\"https:\/\/www.liceutasnad.eu\/wp-content\/uploads\/2024\/08\/Calendar_-an-scolar-2024-2025.pdf\">Calendar_-an-scolar-2024-2025<\/a><a href=\"https:\/\/www.liceutasnad.eu\/wp-content\/uploads\/2024\/08\/Calendar_-an-scolar-2024-2025.pdf\" class=\"wp-block-file__button wp-element-button\" download aria-describedby=\"wp-block-file--media-2a01dc87-b3f6-4dd9-addb-cda4b09d0db9\">Download<\/a><\/div>\n\n\n\n<figure class=\"wp-block-image size-large\"><a href=\"https:\/\/www.liceutasnad.eu\/wp-content\/uploads\/2024\/08\/Structura_an_scolar_3.jpg\"><img decoding=\"async\" loading=\"lazy\" width=\"1024\" height=\"930\" src=\"https:\/\/www.liceutasnad.eu\/wp-content\/uploads\/2024\/08\/Structura_an_scolar_3-1024x930.jpg\" alt=\"\" class=\"wp-image-3491\" srcset=\"https:\/\/www.liceutasnad.eu\/wp-content\/uploads\/2024\/08\/Structura_an_scolar_3-1024x930.jpg 1024w, https:\/\/www.liceutasnad.eu\/wp-content\/uploads\/2024\/08\/Structura_an_scolar_3-300x273.jpg 300w, https:\/\/www.liceutasnad.eu\/wp-content\/uploads\/2024\/08\/Structura_an_scolar_3-768x698.jpg 768w, https:\/\/www.liceutasnad.eu\/wp-content\/uploads\/2024\/08\/Structura_an_scolar_3-1536x1395.jpg 1536w, https:\/\/www.liceutasnad.eu\/wp-content\/uploads\/2024\/08\/Structura_an_scolar_3-2048x1861.jpg 2048w\" sizes=\"(max-width: 1024px) 100vw, 1024px\" \/><\/a><\/figure>\n","protected":false},"excerpt":{"rendered":"<p>Anul \u0219colar 2024 &#8211; 2025 se structureaz\u0103 astfel: Intervale de cursuri: \u2014 de luni, 9 septembrie 2024, p\u00e2n\u0103 vineri, 25 octombrie 2024; \u2014 de luni, 4 noiembrie 2024, p\u00e2n\u0103 vineri, 20 decembrie 2024; \u2014 de miercuri, 8 ianuarie 2025, p\u00e2n\u0103 &hellip; <a href=\"https:\/\/www.liceutasnad.eu\/?page_id=2512\">Continue reading <span class=\"meta-nav\">&rarr;<\/span><\/a><\/p>\n","protected":false},"author":1,"featured_media":0,"parent":1407,"menu_order":0,"comment_status":"closed","ping_status":"closed","template":"","meta":[],"_links":{"self":[{"href":"https:\/\/www.liceutasnad.eu\/index.php?rest_route=\/wp\/v2\/pages\/2512"}],"collection":[{"href":"https:\/\/www.liceutasnad.eu\/index.php?rest_route=\/wp\/v2\/pages"}],"about":[{"href":"https:\/\/www.liceutasnad.eu\/index.php?rest_route=\/wp\/v2\/types\/page"}],"author":[{"embeddable":true,"href":"https:\/\/www.liceutasnad.eu\/index.php?rest_route=\/wp\/v2\/users\/1"}],"replies":[{"embeddable":true,"href":"https:\/\/www.liceutasnad.eu\/index.php?rest_route=%2Fwp%2Fv2%2Fcomments&post=2512"}],"version-history":[{"count":18,"href":"https:\/\/www.liceutasnad.eu\/index.php?rest_route=\/wp\/v2\/pages\/2512\/revisions"}],"predecessor-version":[{"id":3493,"href":"https:\/\/www.liceutasnad.eu\/index.php?rest_route=\/wp\/v2\/pages\/2512\/revisions\/3493"}],"up":[{"embeddable":true,"href":"https:\/\/www.liceutasnad.eu\/index.php?rest_route=\/wp\/v2\/pages\/1407"}],"wp:attachment":[{"href":"https:\/\/www.liceutasnad.eu\/index.php?rest_route=%2Fwp%2Fv2%2Fmedia&parent=2512"}],"curies":[{"name":"wp","href":"https:\/\/api.w.org\/{rel}","templated":true}]}}